{"id":278,"date":"2022-01-14T19:57:10","date_gmt":"2022-01-14T18:57:10","guid":{"rendered":"https:\/\/www.richardisenheim.de\/?page_id=278"},"modified":"2023-03-09T11:07:52","modified_gmt":"2023-03-09T10:07:52","slug":"anthroplicote","status":"publish","type":"page","link":"https:\/\/www.richardisenheim.de\/?page_id=278","title":{"rendered":"Die Welt von Anthroplicote"},"content":{"rendered":"<p>\u00bbVor tausend Jahren, als Equionox diese Stadt errichtet hatte, f\u00fchrte er seine Eroberung jenseits der See fort. Als seinen Statthalter setzte er seinen treuen und langj\u00e4hrigen Freund Kaeso ein, der ihn stets bei seinen Schlachten als Waffengef\u00e4hrte begleitet hatte.<br \/>\nKaeso nahm das Angebot an und regierte einige Zeit in Equionox\u2018 Namen, w\u00e4hrend dieser in See stach und Schlachten ausfocht. Doch in der Abwesenheit seines Anf\u00fchrers wurde er gr\u00f6\u00dfenwahnsinnig und er riss die Macht an sich. Kaeso errichtete sein eigenes Imperium; ausgehend von Equinoctika, Hauptstadt des Reiches Anthroplicote seit eh und je.\u2013\u00ab<\/p>\n<h1><a href=\"https:\/\/www.richardisenheim.de\/?page_id=228\">Weiterlesen!<\/a><\/h1>\n","protected":false},"excerpt":{"rendered":"<p>\u00bbVor tausend Jahren, als Equionox diese Stadt errichtet hatte, f\u00fchrte er seine Eroberung jenseits der See fort. Als seinen Statthalter setzte er seinen treuen und langj\u00e4hrigen Freund Kaeso ein, der ihn stets bei seinen Schlachten als Waffengef\u00e4hrte begleitet hatte. Kaeso nahm das Angebot an und regierte einige Zeit in Equionox\u2018 Namen, w\u00e4hrend dieser in See&hellip;<\/p>\n","protected":false},"author":1,"featured_media":276,"parent":0,"menu_order":0,"comment_status":"closed","ping_status":"closed","template":"","meta":[],"_links":{"self":[{"href":"https:\/\/www.richardisenheim.de\/index.php?rest_route=\/wp\/v2\/pages\/278"}],"collection":[{"href":"https:\/\/www.richardisenheim.de\/index.php?rest_route=\/wp\/v2\/pages"}],"about":[{"href":"https:\/\/www.richardisenheim.de\/index.php?rest_route=\/wp\/v2\/types\/page"}],"author":[{"embeddable":true,"href":"https:\/\/www.richardisenheim.de\/index.php?rest_route=\/wp\/v2\/users\/1"}],"replies":[{"embeddable":true,"href":"https:\/\/www.richardisenheim.de\/index.php?rest_route=%2Fwp%2Fv2%2Fcomments&post=278"}],"version-history":[{"count":6,"href":"https:\/\/www.richardisenheim.de\/index.php?rest_route=\/wp\/v2\/pages\/278\/revisions"}],"predecessor-version":[{"id":341,"href":"https:\/\/www.richardisenheim.de\/index.php?rest_route=\/wp\/v2\/pages\/278\/revisions\/341"}],"wp:featuredmedia":[{"embeddable":true,"href":"https:\/\/www.richardisenheim.de\/index.php?rest_route=\/wp\/v2\/media\/276"}],"wp:attachment":[{"href":"https:\/\/www.richardisenheim.de\/index.php?rest_route=%2Fwp%2Fv2%2Fmedia&parent=278"}],"curies":[{"name":"wp","href":"https:\/\/api.w.org\/{rel}","templated":true}]}}