{"id":63,"date":"2018-06-16T18:45:54","date_gmt":"2018-06-16T16:45:54","guid":{"rendered":"https:\/\/www.richardisenheim.de\/?page_id=63"},"modified":"2018-08-09T16:14:31","modified_gmt":"2018-08-09T14:14:31","slug":"fruehwerke","status":"publish","type":"page","link":"https:\/\/www.richardisenheim.de\/?page_id=63","title":{"rendered":"Fr\u00fchwerke"},"content":{"rendered":"<h2 class=\"page-title\" style=\"text-align: left;\"><span class=\"base\" data-ui-id=\"page-title-wrapper\"><strong>Es war einmal im Herbst<\/strong><\/span><strong> (2017)<\/strong><\/h2>\n<p>&nbsp;<\/p>\n<p style=\"text-align: justify;\"><a href=\"https:\/\/www.amazon.de\/Es-war-einmal-im-Herbst\/dp\/3743193310\" target=\"_blank\" rel=\"noopener\"><img decoding=\"async\" loading=\"lazy\" class=\"wp-image-43 size-medium alignleft\" src=\"https:\/\/www.richardisenheim.de\/wp-content\/uploads\/2018\/06\/Es_war_einmal_im_Herbst-190x300.jpg\" alt=\"\" width=\"190\" height=\"300\" srcset=\"https:\/\/www.richardisenheim.de\/wp-content\/uploads\/2018\/06\/Es_war_einmal_im_Herbst-190x300.jpg 190w, https:\/\/www.richardisenheim.de\/wp-content\/uploads\/2018\/06\/Es_war_einmal_im_Herbst.jpg 316w\" sizes=\"(max-width: 190px) 100vw, 190px\" \/><\/a> Das Jahr 1977. Eda, Jamies geliebte Frau, ist von ihm gegangen. Zwei Jahre danach schlagen die Wellen \u00fcber ihm zusammen. Seine Schulden nehmen zu und mit ihnen die Gewissheit, den Verlag schlie\u00dfen und das Haus verkaufen zu m\u00fcssen. Jamie muss sich an seine Freunde halten, aber k\u00f6nnen ihm Francis und Dr. Spiegelthal helfen, die Krise zu \u00fcberstehen?<br \/>\nDoch auch die Stadt steht kurz vor dem Ruin. Der historische Bezirk ist vielleicht sch\u00f6n anzusehen, aber eine Kostenbelastung f\u00fcr die Stadt. Es ist Zeit f\u00fcr einen Umschwung. Dort, wo fr\u00fcher noch Kr\u00e4merl\u00e4den waren, stehen heute leere H\u00e4user. Kann es das Interesse einiger Investoren sein, Jamie wirtschaftlich zu schaden? Wem kann er vertrauen? Wer ist ihm freundlich, wer ist ihm feindlich gesinnt?<\/p>\n<h2><strong>Winter-Verm\u00e4chtnis (2017)<\/strong><\/h2>\n<p>&nbsp;<\/p>\n<p style=\"text-align: justify;\"><a href=\"https:\/\/www.amazon.de\/Winter-Verm%C3%A4chtnis-Es-war-einmal-Herbst\/dp\/374603020X\/ref=pd_rhf_dp_s_pd_session_scf_1_1?_encoding=UTF8&amp;pd_rd_i=374603020X&amp;pd_rd_r=542B63BGSMP59G03F8HM&amp;pd_rd_w=DIQxP&amp;pd_rd_wg=tzYDz&amp;pf_rd_i=desktop-rhf&amp;pf_rd_m=A3JWKAKR8XB7XF&amp;pf_rd_p=2871883791823662865&amp;pf_rd_r=542B63BGSMP59G03F8HM&amp;pf_rd_s=desktop-rhf&amp;pf_rd_t=40701&amp;psc=1&amp;refRID=542B63BGSMP59G03F8HM\" target=\"_blank\" rel=\"noopener\"><img decoding=\"async\" loading=\"lazy\" class=\"alignleft wp-image-71 size-medium\" src=\"https:\/\/www.richardisenheim.de\/wp-content\/uploads\/2018\/06\/Winter-Verm\u00e4chtnis-190x300.jpg\" alt=\"\" width=\"190\" height=\"300\" srcset=\"https:\/\/www.richardisenheim.de\/wp-content\/uploads\/2018\/06\/Winter-Verm\u00e4chtnis-190x300.jpg 190w, https:\/\/www.richardisenheim.de\/wp-content\/uploads\/2018\/06\/Winter-Verm\u00e4chtnis.jpg 316w\" sizes=\"(max-width: 190px) 100vw, 190px\" \/><\/a>Im Fr\u00fchjahr 1980 sieht sich Jamies Freund, der Psychiater Doktor Spiegelthal, nicht mehr in der Lage, seinen Beruf l\u00e4nger auszu\u00fcben. Seiner Schuld bewusst, stellt er sich dem Gesetz und wartet auf das juristische Urteil, w\u00e4hrend er den Entschluss fasst, die Praxis aufzugeben und ein neues Leben zu beginnen. Im Wien der 80er Jahre, zwischen Hochkultur und Rockmusik, schreibt Spiegelthal als Journalist f\u00fcr eine psychologische Fachzeitschrift. Die Arbeit f\u00fchrt ihn zur\u00fcck an die Universit\u00e4t, wo er vergeblich nach Antworten auf seine Fragen sucht. Auf seiner Seelenwanderung durchl\u00e4uft er einen tiefen Reifungsprozess, der ihn nach neuen Ans\u00e4tzen streben l\u00e4sst; nicht zuletzt durch die Begegnung mit einer jungen Psychologie-Studentin, die ihn f\u00fcr seine Artikel bewundert.<\/p>\n<h2><\/h2>\n<h2><strong>Der letzte Sommerabend (2018)<\/strong><\/h2>\n<p>&nbsp;<\/p>\n<p style=\"text-align: justify;\"><a href=\"https:\/\/www.amazon.de\/letzte-Sommerabend-war-einmal-Herbst\/dp\/3746066557\/ref=sr_1_1?s=books&amp;ie=UTF8&amp;qid=1529264873&amp;sr=1-1&amp;keywords=der+letzte+sommerabend\" target=\"_blank\" rel=\"noopener\"><img decoding=\"async\" loading=\"lazy\" class=\"alignleft wp-image-72 size-medium\" src=\"https:\/\/www.richardisenheim.de\/wp-content\/uploads\/2018\/06\/Der_letzte_Sommerabend-190x300.jpg\" alt=\"\" width=\"190\" height=\"300\" srcset=\"https:\/\/www.richardisenheim.de\/wp-content\/uploads\/2018\/06\/Der_letzte_Sommerabend-190x300.jpg 190w, https:\/\/www.richardisenheim.de\/wp-content\/uploads\/2018\/06\/Der_letzte_Sommerabend.jpg 316w\" sizes=\"(max-width: 190px) 100vw, 190px\" \/><\/a>Die 60er Jahre: eine Zeit des Umbruchs und der Rebellion. Zehn Jahre vor Edas erster Begegnung mit Jamie erlebt sie ihre turbulenten Jugendjahre inmitten von Rock &#8217;n&#8216; Roll und Flower-Power auf der Suche nach dem Sinn des Lebens.<br \/>\nAls ihr Vater schon fr\u00fch von ihr geht, muss Eda lernen, auf eigenen Beinen zu stehen. Die Beziehung zu ihrer Mutter ist konfliktreich und auch ihre Schwester Ortrud versucht, sich ihr immer wieder in den Weg zu stellen.<br \/>\nEin Gl\u00fcck, dass sie Freunde an ihrer Seite hat. Doch werden ihre M\u00fchen reichen, ihren verschollenen Vater wiederzufinden?<br \/>\nEine Geschichte \u00fcber das Lernen und Leiden in der Jugend, von den ersten Erf\u00fcllungen und Entt\u00e4uschungen, \u00fcber Trennung und Wiedersehen, Freundschaft und Liebe.<\/p>\n<p style=\"text-align: justify;\">Es war einmal im Herbst &#8211; Band III<br \/>\nDie beiden finalen Akte<\/p>\n<p>&nbsp;<\/p>\n<p>Wenn Sie mich in besonderer Weise unterst\u00fctzen m\u00f6chten, w\u00fcrde ich mich freuen, wenn Sie die B\u00fccher direkt \u00fcber Books on Demand erwerben.<\/p>\n<p><a href=\"https:\/\/www.bod.de\/buchshop\/es-war-einmal-im-herbst-richard-isenheim-9783743193314\" target=\"_blank\" rel=\"noopener\">Es war einmal im Herbst<\/a><br \/>\n<a href=\"https:\/\/www.bod.de\/buchshop\/winter-vermaechtnis-richard-isenheim-9783746030203\" target=\"_blank\" rel=\"noopener\">Winter-Verm\u00e4chtnis<\/a><br \/>\n<a href=\"https:\/\/www.bod.de\/buchshop\/der-letzte-sommerabend-richard-isenheim-9783746066554\" target=\"_blank\" rel=\"noopener\">Der letzte Sommerabend<\/a><\/p>\n","protected":false},"excerpt":{"rendered":"<p>Es war einmal im Herbst (2017) &nbsp; Das Jahr 1977. Eda, Jamies geliebte Frau, ist von ihm gegangen. Zwei Jahre danach schlagen die Wellen \u00fcber ihm zusammen. Seine Schulden nehmen zu und mit ihnen die Gewissheit, den Verlag schlie\u00dfen und das Haus verkaufen zu m\u00fcssen. Jamie muss sich an seine Freunde halten, aber k\u00f6nnen ihm&hellip;<\/p>\n","protected":false},"author":1,"featured_media":0,"parent":0,"menu_order":0,"comment_status":"closed","ping_status":"closed","template":"","meta":[],"_links":{"self":[{"href":"https:\/\/www.richardisenheim.de\/index.php?rest_route=\/wp\/v2\/pages\/63"}],"collection":[{"href":"https:\/\/www.richardisenheim.de\/index.php?rest_route=\/wp\/v2\/pages"}],"about":[{"href":"https:\/\/www.richardisenheim.de\/index.php?rest_route=\/wp\/v2\/types\/page"}],"author":[{"embeddable":true,"href":"https:\/\/www.richardisenheim.de\/index.php?rest_route=\/wp\/v2\/users\/1"}],"replies":[{"embeddable":true,"href":"https:\/\/www.richardisenheim.de\/index.php?rest_route=%2Fwp%2Fv2%2Fcomments&post=63"}],"version-history":[{"count":23,"href":"https:\/\/www.richardisenheim.de\/index.php?rest_route=\/wp\/v2\/pages\/63\/revisions"}],"predecessor-version":[{"id":152,"href":"https:\/\/www.richardisenheim.de\/index.php?rest_route=\/wp\/v2\/pages\/63\/revisions\/152"}],"wp:attachment":[{"href":"https:\/\/www.richardisenheim.de\/index.php?rest_route=%2Fwp%2Fv2%2Fmedia&parent=63"}],"curies":[{"name":"wp","href":"https:\/\/api.w.org\/{rel}","templated":true}]}}